of 3503271852.
2, 3, 757, 128551
What are the prime factors of 543434762?
2, 13, 37, 181, 3121
List the prime factors of 4638448099.
313, 439, 33757
What are the prime factors of 392761316?
2, 73, 547, 2459
What are the prime factors of 9287300?
2, 5, 11, 8443
List the prime factors of 219009911.
317, 523, 1321
List the prime factors of 2364796596.
2, 3, 197066383
List the prime factors of 7118582186.
2, 3559291093
List the prime factors of 6164618.
2, 3082309
List the prime factors of 105723873.
3, 1305233
List the prime factors of 73281622.
2, 36640811
List the prime factors of 319325204.
2, 11, 2591, 2801
What are the prime factors of 1193588411?
17, 103, 607, 1123
What are the prime factors of 71321859?
3, 7, 167, 6779
What are the prime factors of 469339909?
23, 193, 4597
What are the prime factors of 20055325?
5, 17, 47189
List the prime factors of 148684309.
148684309
List the prime factors of 45463201.
7, 6494743
List the prime factors of 4561353418.
2, 89, 25625581
List the prime factors of 878250166.
2, 439125083
What are the prime factors of 30048057?
3, 13, 85607
What are the prime factors of 5824661243?
23, 253246141
What are the prime factors of 3597098447?
61, 2029, 29063
What are the prime factors of 23439828?
2, 3, 359, 5441
List the prime factors of 1405955174.
2, 13, 4451, 12149
List the prime factors of 103906690.
2, 5, 10390669
List the prime factors of 19230711.
3, 6410237
What are the prime factors of 2454801551?
2339, 1049509
List the prime factors of 256365067.
7, 139, 173, 1523
List the prime factors of 374242216.
2, 17, 29, 94889
What are the prime factors of 36163566?
2, 3, 71, 28297
What are the prime factors of 473129617?
473129617
List the prime factors of 736271426.
2, 11, 33466883
What are the prime factors of 6776753522?
2, 7, 11, 19, 53, 89, 491
What are the prime factors of 572649268?
2, 67, 227, 9413
List the prime factors of 37593813.
3, 37, 338683
List the prime factors of 1108444727.
13, 17, 23, 218069
What are the prime factors of 5081122566?
2, 3, 13, 157, 10639
What are the prime factors of 521359981?
19, 27439999
List the prime factors of 212226539.
7, 173, 1013
List the prime factors of 1630795.
5, 326159
List the prime factors of 2278241883.
3, 9375481
What are the prime factors of 594122238?
2, 3, 337, 97943
What are the prime factors of 51839321?
1063, 48767
List the prime factors of 62870211.
3, 6985579
List the prime factors of 754342189.
31, 107, 277, 821
What are the prime factors of 3413798775?
3, 5, 2309, 6571
List the prime factors of 1488538099.
337, 4417027
List the prime factors of 1064415502.
2, 1531, 347621
What are the prime factors of 30030916?
2, 23, 449, 727
What are the prime factors of 395648749?
59, 6705911
List the prime factors of 56874374.
2, 829, 34303
List the prime factors of 961411206.
2, 3, 7, 22890743
What are the prime factors of 2521565095?
5, 7, 23, 3132379
List the prime factors of 315124388.
2, 78781097
List the prime factors of 1264314203.
1471, 859493
List the prime factors of 171069086.
2, 29, 2949467
What are the prime factors of 5803833581?
7, 13, 233, 273727
List the prime factors of 59464286.
2, 7, 4247449
List the prime factors of 1064992097.
13, 41, 1998109
List the prime factors of 509418395.
5, 173, 283, 2081
List the prime factors of 3618910567.
7591, 476737
What are the prime factors of 2497597574?
2, 41, 30458507
List the prime factors of 143918604.
2, 3, 37, 103, 1049
List the prime factors of 163419540.
2, 3, 5, 509, 5351
What are the prime factors of 116582829?
3, 11, 3532813
What are the prime factors of 3124652707?
11, 829, 342653
List the prime factors of 1484486827.
2441, 608147
List the prime factors of 520076677.
31, 41, 409187
List the prime factors of 1308774033.
3, 7, 1721, 12071
What are the prime factors of 560570852?
2, 17, 113, 72953
List the prime factors of 276235272.
2, 3, 149, 2861
What are the prime factors of 2093648837?
7, 5861, 51031
What are the prime factors of 1702179786?
2, 3, 5783, 49057
What are the prime factors of 3174378641?
7, 31, 97, 239, 631
List the prime factors of 1778187974.
2, 131, 1193, 5689
List the prime factors of 620414817.
3, 11, 89, 211241
What are the prime factors of 3176001052?
2, 7, 113, 193, 743
What are the prime factors of 30100211?
2293, 13127
List the prime factors of 162180354.
2, 3, 7, 29, 133153
What are the prime factors of 40910145?
3, 5, 383, 7121
List the prime factors of 1200033327.
3, 103, 191, 20333
What are the prime factors of 711969336?
2, 3, 13, 67, 11353
List the prime factors of 51272925.
3, 5, 11, 19, 3271
List the prime factors of 123657995.
5, 127, 193, 1009
List the prime factors of 39446160.
2, 3, 5, 13, 47, 269
What are the prime factors of 5806135512?
2, 3, 1619, 16603
List the prime factors of 754241691.
3, 7, 23, 1561577
What are the prime factors of 1506308326?
2, 79, 9533597
What are the prime factors of 96453766?
2, 19, 23, 110359
List the prime factors of 20648359.
1567, 13177
List the prime factors of 1870706908.
2, 7, 1363489
What are the prime factors of 1499291910?
2, 3, 5, 113, 157, 313
List the prime factors of 64040819.
17, 1171, 3217
What are the prime factors of 35441497?
7, 13, 29959
What are the prime factors of 1237641258?
2, 3, 7, 29467649
What are the prime factors of 638424476?
2, 2137, 74687
What are the prime factors of 309764912?
2, 967, 20021
What are the prime factors of 584468238?
2, 3, 83, 1173631
What are the prime factors of 214386600?
2, 3, 5, 67, 5333
List the prime factors of 528731784.
2, 3, 7, 31, 43, 787
List the prime factors of 31568842.
2, 19, 61, 13619
List the prime factors of 9962260.
2, 5, 7, 11, 6469
What are the prime factors of 228811072?
2, 7, 19, 26881
List the prime factors of 807685383.
3, 19, 43, 329533
What are the prime factors of 1330302749?
277, 4802537
List the prime factors of 290117369.
197, 1472677
What are the prime factors of 6230511061?
29, 1733, 123973
List the prime factors of 43008468.
2, 3, 863, 4153
What are the prime factors of 201730898?
2, 100865449
What are the prime factors of 70580483?
283, 461, 541
What are the prime factors of 7082570?
2, 5, 11, 31, 67
List the prime factors of 35952389.
11, 19, 172021
What are the prime factors of 1968300558?
2, 3, 7, 15621433
What are the prime factors of 71837170?
2, 5, 7183717
List the prime factors of 24125710.
2, 5, 7, 344653
What are the prime factors of 683286980?
2, 5, 29, 277, 4253
List the prime factors of 21115549.
7, 13, 47, 4937
What are the prime factors of 42287775?
3, 5, 563837
List the prime factors of 7275625687.
11, 181, 347, 10531
What are the prime factors of 3044652041?
37, 199, 389, 1063
List the prime factors of 10121313.
3, 37, 91183
What are the prime factors of 129552047?
129552047
What are the prime factors of 7657812446?
2, 3229, 1185787
What are the prime factors of 6882534?
2, 3, 382363
What are the prime factors of 433077851?
29, 431, 34649
List the prime factors of 1304205276.
2, 3, 11, 898213
List the prime factors of 668319857.
668319857
What are the prime factors of 116507970?
2, 3, 5, 17, 8461
What are the prime factors of 955954357?
1471, 649867
List the prime factors of 4157233792.
2, 223, 145643
List the prime factors of 2403287950.
2, 5, 7, 317, 21661
List the prime factors of 7472769350.
2, 5, 19, 1283, 6131
What are the prime factors of 54990026?
2, 7, 13, 302143
List the prime factors of 389323445.
5, 7, 11123527
What are the prime factors of 119596243?
13, 9199711
What are the prime factors of 872226774?
2, 3, 947, 51169
List the prime factors of 139526610.
2, 3, 5, 4650887
List the prime factors of 95472276.
2, 3, 131, 60733
List the prime factors of 2751493642.
2, 1375746821
List the prime factors of 29406389.
41, 717229
What are the prime factors of 1518683770?
2, 5, 5011, 30307
List the prime factors of 639158242.
2, 5197, 61493
List the prime factors of 84498394.
2, 967, 43691
List the prime factors of 23380321.
17, 1375313
List the prime factors of 90743919.
3, 7, 4321139
List the prime factors of 1909579142.
2, 954789571
What are the prime factors of 725063598?
2, 3, 7, 19, 41, 83, 89
List the prime factors of 33803577.
3, 61, 67, 919
List the prime factors of 494189194.
2, 149, 1658353
List the prime factor